3 a composite number?
True
Is 1448487197 composite?
True
Is 8066996617 a prime number?
True
Is 20742475877 prime?
True
Is 3991751009 a prime number?
True
Is 877928299 a composite number?
False
Is 2731171031 a composite number?
True
Is 2227932649 composite?
False
Is 2264367569 prime?
True
Is 2922008821 a composite number?
False
Is 32785402777 prime?
False
Is 1014658237 a prime number?
True
Is 80945489 a composite number?
True
Is 590456765 prime?
False
Is 36484140887 composite?
True
Is 108045233 prime?
False
Is 16607208623 prime?
True
Is 14940761 composite?
True
Is 10448542763 a prime number?
True
Is 3730368947 composite?
True
Is 17293294573 composite?
True
Is 53547877379 a composite number?
True
Is 1401523351 a prime number?
False
Is 210568368259 a composite number?
False
Is 108310301597 a composite number?
False
Is 583599985 composite?
True
Is 614930009 composite?
True
Is 5380531937 a composite number?
True
Is 35963612059 a composite number?
True
Is 6024615637 a prime number?
True
Is 13155388646 composite?
True
Is 32912948819 a composite number?
False
Is 3557840893 composite?
True
Is 841663453 a prime number?
True
Is 3942291305 composite?
True
Is 471595489 a composite number?
True
Is 1185897149 prime?
True
Is 55483026199 prime?
True
Is 13042890573 composite?
True
Is 2073728383 a prime number?
True
Is 20549926951 a composite number?
True
Is 2153857565 a prime number?
False
Is 82694498137 composite?
True
Is 299852711 prime?
True
Is 301047998 prime?
False
Is 7260012329 a prime number?
False
Is 13633646879 a prime number?
True
Is 9379295 composite?
True
Is 3777776179 prime?
True
Is 92083889 a prime number?
True
Is 18245289305 prime?
False
Is 660175223 a composite number?
True
Is 62110764601 prime?
False
Is 2142073613 composite?
False
Is 73079176103 composite?
False
Is 10316168867 prime?
True
Is 11591932805 a prime number?
False
Is 715993543 a prime number?
False
Is 13692762667 composite?
True
Is 111316889591 a composite number?
False
Is 28124041457 prime?
False
Is 13510698109 prime?
True
Is 197315231 composite?
True
Is 12273025019 a composite number?
True
Is 44766746113 prime?
True
Is 126414077 composite?
False
Is 101291887 a prime number?
False
Is 9419629 composite?
True
Is 147783637 composite?
True
Is 3323919607 composite?
False
Is 1638223271 prime?
True
Is 24365332441 prime?
False
Is 21947632901 prime?
True
Is 44854042381 a prime number?
False
Is 138171394677 a composite number?
True
Is 27607121 composite?
False
Is 9560792921 prime?
True
Is 2075819831 a prime number?
False
Is 96196933031 a composite number?
False
Is 971203517 prime?
True
Is 37198733627 a composite number?
True
Is 7080402583 a prime number?
True
Is 4079828671 prime?
True
Is 107930434981 composite?
False
Is 5687930639 prime?
True
Is 7183943201 prime?
False
Is 173272111 a prime number?
False
Is 6053621237 a prime number?
True
Is 18946561 a prime number?
True
Is 549728411 composite?
True
Is 37265894329 prime?
True
Is 5125000343 prime?
True
Is 1417532617 a composite number?
False
Is 24992068919 prime?
False
Is 18055967 a prime number?
False
Is 6637274337 a composite number?
True
Is 2269037431 composite?
True
Is 4718104873 composite?
False
Is 26681570459 composite?
False
Is 4145398727 composite?
True
Is 1225160059 a prime number?
True
Is 1174393447 a composite number?
True
Is 10772455537 composite?
False
Is 340843927 a prime number?
True
Is 1092512723 a composite number?
False
Is 78234311 prime?
False
Is 38209775497 a prime number?
True
Is 7694314763 a prime number?
True
Is 25710026351 prime?
False
Is 4147697327 a prime number?
True
Is 206467519 a composite number?
False
Is 362433031307 a composite number?
False
Is 12989431619 prime?
True
Is 10893976517 prime?
True
Is 29411740147 a prime number?
False
Is 81822882473 composite?
False
Is 191262010853 prime?
False
Is 607019173 a prime number?
False
Is 71886463771 prime?
True
Is 479104751 a prime number?
True
Is 327833809097 composite?
False
Is 52987892623 a prime number?
False
Is 2019480955 composite?
True
Is 2254851073 composite?
True
Is 2806642117 composite?
True
Is 7756425793 composite?
True
Is 41705842 composite?
True
Is 74176547933 a composite number?
True
Is 48654673 prime?
True
Is 171237913469 a composite number?
True
Is 9667459 prime?
True
Is 8391198937 a prime number?
False
Is 19646605227 prime?
False
Is 213780443 composite?
True
Is 1706595479 a composite number?
True
Is 5709587053 composite?
True
Is 1542264771 prime?
False
Is 11720204933 a prime number?
False
Is 762653059 a prime number?
False
Is 2185140137 a prime number?
True
Is 61101232271 composite?
False
Is 17646996007 prime?
False
Is 26136661697 a composite number?
False
Is 150439110869 a composite number?
False
Is 32798254486 prime?
False
Is 72780377777 a composite number?
True
Is 76498884871 prime?
False
Is 280069257511 composite?
False
Is 11476510481 prime?
False
Is 10212336389 prime?
True
Is 33596651 composite?
True
Is 72871479817 a composite number?
True
Is 3963231829 a composite number?
False
Is 742752844285 a composite number?
True
Is 3160543226 composite?
True
Is 578757407 composite?
False
Is 1206983951 a composite number?
True
Is 4799241809 prime?
True
Is 4665219931 composite?
False
Is 49999255589 prime?
False
Is 53716656611 a composite number?
True
Is 26602860539 composite?
True
Is 164295379 a prime number?
True
Is 2073817631 composite?
True
Is 1183567949 composite?
False
Is 5864219993 a composite number?
False
Is 116502786178 prime?
False
Is 104313980657 a prime number?
True
Is 57302527 prime?
False
Is 15587489807 a composite number?
True
Is 2099421869 a composite number?
False
Is 451799798 a prime number?
False
Is 5585413 composite?
True
Is 512385689 a composite number?
False
Is 13967828087 prime?
False
Is 201744945577 prime?
False
Is 292162961 prime?
True
Is 3151553287 prime?
False
Is 136985017 a prime number?
False
Is 133246132671 composite?
True
Is 25552730449 a composite number?
True
Is 83814246091 composite?
True
Is 1616151707 composite?
False
Is 1091115097 prime?
False
Is 507008219 a composite number?
False
Is 219161203 a composite number?
True
Is 43475441 a prime number?
True
Is 25252921 a prime number?
True
Is 3182909333 a composite number?
False
Is 2987387677 a composite number?
True
Is 2016967103 a prime number?
False
Is 9824071 a prime number?
True
Is 14742561649 composite?
False
Is 991734103 composite?
False
Is 111314771522 prime?
False
Is 1845918869 a composite number?
False
Is 41310935227 a composite number?
False
Is 5181552143 a prime number?
False
Is 30628216891 a prime number?
True
Is 17428366649 a prime number?
False
Is 58581803405 a composite number?
True
Is 15841297837 a composite number?
True
Is 1357669151 a prime number?
True
Is 17381877089 a prime number?
True
Is 211515631 a prime number?
True
Is 1435710463 composite?
True
Is 1701456733 composite?
True
Is 544185787 a composite number?
True
Is 3997765767 a composite number?
True
Is 8100584207 a prime number?
False
Is 141738239 a composite number?
False
Is 115229327 a composite number?
False
Is 3077385253 composite?
False
Is 4191007039 a prime number?
False
Is 33763358119 prime?
True
Is 6383920553 a prime number?
False
Is 15371602637 a prime number?
True
Is 41484012523 prime?
True
Is 1808644571 composite?
True
Is 5864100419 a composite number?
False
Is 134474209 composite?
False
Is 18394135433 composite?
False
Is 255145685 composite?
True
Is 2804746057 a composite number?
True
Is 162312697877 a prime number?
False
Is 569829203 a composite number?
True
Is 1344818089 composite?
True
Is 5015428843 a composite number?
True
Is 48000173 a prime number?
False
Is 2119747213 a composite number?
False
Is 21606318751 composite?
True
Is 3319090757 prime?
True
Is 23494088413 a prime number?
False
Is 579409081 composite?
True
Is 60510086509 composite?
True
Is 5431090039 prime?
True
Is 8611102783 a composite number?
False
Is 16094134913 prime?
True
Is 2263927073 a composite number?
False
Is 704260523 composite?
True
Is 27201515423 composite?
False
Is 10188131141 a prime number?
True
Is 54785320829 prime?
True
Is 55306299449 prime?
True
Is 1079349203 prime?
False
Is 8874684919 prime?
True
Is 15877562741 composite?
True
Is 3830011993 prime?
True
Is 21170840287 a composite number?
True
Is 501018541 a 